87 is divided by 252.
35
What is the remainder when 1041 is divided by 321?
78
Calculate the remainder when 73282 is divided by 372.
370
Calculate the remainder when 26057 is divided by 4.
1
What is the remainder when 391884 is divided by 625?
9
What is the remainder when 106500 is divided by 103?
101
What is the remainder when 2899 is divided by 36?
19
What is the remainder when 782 is divided by 281?
220
Calculate the remainder when 2682689 is divided by 965.
954
What is the remainder when 20843 is divided by 50?
43
Calculate the remainder when 29248 is divided by 13.
11
What is the remainder when 87793 is divided by 896?
881
Calculate the remainder when 123864 is divided by 61866.
132
What is the remainder when 28793 is divided by 65?
63
What is the remainder when 575327 is divided by 17?
13
What is the remainder when 2018 is divided by 271?
121
Calculate the remainder when 893994 is divided by 27.
24
What is the remainder when 50925 is divided by 36?
21
Calculate the remainder when 10255 is divided by 427.
7
What is the remainder when 27076 is divided by 13379?
318
Calculate the remainder when 20784 is divided by 202.
180
Calculate the remainder when 2386 is divided by 1702.
684
Calculate the remainder when 812862 is divided by 208.
206
What is the remainder when 201832 is divided by 41?
30
Calculate the remainder when 20233 is divided by 20211.
22
Calculate the remainder when 37208 is divided by 18600.
8
Calculate the remainder when 34453 is divided by 6881.
48
Calculate the remainder when 1132449 is divided by 1562.
1561
Calculate the remainder when 32327 is divided by 24.
23
Calculate the remainder when 78640 is divided by 152.
56
Calculate the remainder when 11284 is divided by 5618.
48
Calculate the remainder when 105593 is divided by 4061.
7
What is the remainder when 46516 is divided by 23246?
24
Calculate the remainder when 5649 is divided by 2331.
987
What is the remainder when 1574 is divided by 393?
2
Calculate the remainder when 1681 is divided by 31.
7
What is the remainder when 1082 is divided by 183?
167
What is the remainder when 29663 is divided by 14830?
3
Calculate the remainder when 347848 is divided by 76.
72
What is the remainder when 28990 is divided by 601?
142
Calculate the remainder when 27142 is divided by 4523.
4
What is the remainder when 75058 is divided by 36?
34
What is the remainder when 704300 is divided by 35?
30
Calculate the remainder when 11656 is divided by 11645.
11
What is the remainder when 7238 is divided by 515?
28
What is the remainder when 114754 is divided by 6?
4
Calculate the remainder when 187759 is divided by 1131.
13
What is the remainder when 14926 is divided by 182?
2
What is the remainder when 23139 is divided by 7707?
18
What is the remainder when 1749 is divided by 70?
69
What is the remainder when 6194 is divided by 582?
374
What is the remainder when 21083 is divided by 27?
23
Calculate the remainder when 580 is divided by 386.
194
What is the remainder when 253954 is divided by 65?
64
Calculate the remainder when 69967 is divided by 3883.
73
Calculate the remainder when 4884 is divided by 78.
48
What is the remainder when 34271 is divided by 209?
204
Calculate the remainder when 2832 is divided by 136.
112
What is the remainder when 1609 is divided by 272?
249
Calculate the remainder when 4479 is divided by 441.
69
What is the remainder when 724534 is divided by 484?
470
Calculate the remainder when 498 is divided by 48.
18
Calculate the remainder when 4076 is divided by 25.
1
Calculate the remainder when 198763 is divided by 55.
48
What is the remainder when 359 is divided by 63?
44
What is the remainder when 292 is divided by 126?
40
Calculate the remainder when 152 is divided by 147.
5
Calculate the remainder when 4569 is divided by 645.
54
Calculate the remainder when 1762 is divided by 588.
586
Calculate the remainder when 26289 is divided by 2921.
0
What is the remainder when 15151 is divided by 171?
103
Calculate the remainder when 876 is divided by 14.
8
What is the remainder when 73875 is divided by 6150?
75
What is the remainder when 34273 is divided by 38?
35
What is the remainder when 75408 is divided by 594?
564
What is the remainder when 2304 is divided by 573?
12
Calculate the remainder when 6854 is divided by 6.
2
Calculate the remainder when 402046 is divided by 8.
6
Calculate the remainder when 43022 is divided by 14289.
155
What is the remainder when 14678 is divided by 7334?
10
Calculate the remainder when 1779 is divided by 530.
189
What is the remainder when 2504 is divided by 44?
40
What is the remainder when 18229 is divided by 6065?
34
Calculate the remainder when 2457706 is divided by 866.
864
What is the remainder when 105593 is divided by 895?
878
Calculate the remainder when 53485 is divided by 87.
67
Calculate the remainder when 2028 is divided by 1821.
207
Calculate the remainder when 41615 is divided by 18.
17
Calculate the remainder when 2019 is divided by 549.
372
What is the remainder when 7479 is divided by 1269?
1134
Calculate the remainder when 5576 is divided by 2749.
78
Calculate the remainder when 1014 is divided by 360.
294
Calculate the remainder when 49987 is divided by 5549.
46
Calculate the remainder when 265154 is divided by 523.
516
What is the remainder when 222160 is divided by 14?
8
What is the remainder when 820897 is divided by 10?
7
Calculate the remainder when 2559 is divided by 849.
12
Calculate the remainder when 14715 is divided by 31.
21
Calculate the remainder when 7653 is divided by 33.
30
What is the remainder when 17843 is divided by 667?
501
Calculate the remainder when 130246 is divided by 233.
232
Calculate the remainder when 3104 is divided by 319.
233
Calculate the remainder when 14517 is divided by 33.
30
What is the remainder when 436156 is divided by 41?
39
Calculate the remainder when 7804 is divided by 141.
49
What is the remainder when 285466 is divided by 626?
10
What is the remainder when 229464 is divided by 223?
220
What is the remainder when 2057 is divided by 61?
44
Calculate the remainder when 3430 is divided by 46.
26
Calculate the remainder when 7133 is divided by 17.
10
Calculate the remainder when 1504303 is divided by 1111.
9
What is the remainder when 25723 is divided by 75?
73
Calculate the remainder when 5851 is divided by 1325.
551
Calculate the remainder when 541906 is divided by 2441.
4
Calculate the remainder when 179843 is divided by 1650.
1643
What is the remainder when 4151 is divided by 15?
11
What is the remainder when 2824 is divided by 352?
8
What is the remainder when 77826 is divided by 48?
18
What is the remainder when 3711 is divided by 382?
273
Calculate the remainder when 41982 is divided by 977.
948
What is the remainder when 91984 is divided by 4599?
4
Calculate the remainder when 1865 is divided by 464.
9
Calculate the remainder when 183 is divided by 93.
90
Calculate the remainder when 3903 is divided by 27.
15
What is the remainder when 271741 is divided by 166?
165
Calculate the remainder when 14278 is divided by 91.
82
What is the remainder when 43178 is divided by 172?
6
Calculate the remainder when 37753 is divided by 236.
229
Calculate the remainder when 1609 is divided by 242.
157
What is the remainder when 44869 is divided by 1725?
19
Calculate the remainder when 668 is divided by 221.
5
Calculate the remainder when 672112 is divided by 11791.
25
What is the remainder when 6583 is divided by 2979?
625
What is the remainder when 202217 is divided by 15?
2
What is the remainder when 1219820 is divided by 77?
63
What is the remainder when 807 is divided by 385?
37
Calculate the remainder when 85442 is divided by 10677.
26
What is the remainder when 13287 is divided by 4425?
12
What is the remainder when 56388 is divided by 83?
31
Calculate the remainder when 289 is divided by 19.
4
What is the remainder when 395524 is divided by 4883?
1
What is the remainder when 35849 is divided by 32?
9
Calculate the remainder when 855 is divided by 185.
115
Calculate the remainder when 1556379 is divided by 10.
9
Calculate the remainder when 13087 is divided by 452.
431
Calculate the remainder when 1967 is divided by 276.
35
What is the remainder when 85199 is divided by 17035